{"id":4789,"date":"2023-03-02T19:10:27","date_gmt":"2023-03-02T19:10:27","guid":{"rendered":"https:\/\/materiaisdiversos.com\/?post_type=apoiamos&#038;p=4789"},"modified":"2024-02-07T21:25:44","modified_gmt":"2024-02-07T21:25:44","slug":"dois-choroes-e-um-dente-de-leao","status":"publish","type":"apoiamos","link":"https:\/\/materiaisdiversos.com\/en\/we-support\/dois-choroes-e-um-dente-de-leao\/","title":{"rendered":"Dois chor\u00f5es e um dente-de-le\u00e3o"},"content":{"rendered":"<p>Dois chor\u00f5es e um dente-de-le\u00e3o, Andr\u00e9 Cabral\u2019s first creation, aimed at children and youths, will begin its research process during a residency at Victor C\u00f3rdon Studios (Lisbon) between March 20 and 31. Dois chor\u00f5es e um dente-de-le\u00e3o intends to work on a fable whose starting point are growth pains and that crosses a fantastic and living imagery, making use of movement and text to refer to physical and mental growth.<\/p>\n","protected":false},"featured_media":0,"template":"","class_list":["post-4789","apoiamos","type-apoiamos","status-publish","hentry","separador-apoiamos-artistic-residencies-2"],"acf":[],"yoast_head":"<!-- This site is optimized with the Yoast SEO plugin v27.5 - https:\/\/yoast.com\/product\/yoast-seo-wordpress\/ -->\n<title>Dois chor\u00f5es e um dente-de-le\u00e3o - Materiais Diversos<\/title>\n<meta name=\"robots\" content=\"index, follow, max-snippet:-1, max-image-preview:large, max-video-preview:-1\" \/>\n<link rel=\"canonical\" href=\"https:\/\/materiaisdiversos.com\/apoiamos\/dois-choroes-e-um-dente-de-leao\/?lang=en\" \/>\n<meta property=\"og:locale\" content=\"en_US\" \/>\n<meta property=\"og:type\" content=\"article\" \/>\n<meta property=\"og:title\" content=\"Dois chor\u00f5es e um dente-de-le\u00e3o - Materiais Diversos\" \/>\n<meta property=\"og:description\" content=\"Dois chor\u00f5es e um dente-de-le\u00e3o, Andr\u00e9 Cabral\u2019s first creation, aimed at children and youths, will begin its research process during a residency at Victor C\u00f3rdon Studios (Lisbon) between March 20 and 31. Dois chor\u00f5es e um dente-de-le\u00e3o intends to work on a fable whose starting point are growth pains and that crosses a fantastic and [&hellip;]\" \/>\n<meta property=\"og:url\" content=\"https:\/\/materiaisdiversos.com\/apoiamos\/dois-choroes-e-um-dente-de-leao\/?lang=en\" \/>\n<meta property=\"og:site_name\" content=\"Materiais Diversos\" \/>\n<meta property=\"article:modified_time\" content=\"2024-02-07T21:25:44+00:00\" \/>\n<meta property=\"og:image\" content=\"https:\/\/materiaisdiversos.com\/wp-content\/uploads\/materais-diversos-fb.png\" \/>\n\t<meta property=\"og:image:width\" content=\"1000\" \/>\n\t<meta property=\"og:image:height\" content=\"600\" \/>\n\t<meta property=\"og:image:type\" content=\"image\/png\" \/>\n<meta name=\"twitter:card\" content=\"summary_large_image\" \/>\n<meta name=\"twitter:label1\" content=\"Est. reading time\" \/>\n\t<meta name=\"twitter:data1\" content=\"1 minute\" \/>\n<script type=\"application\/ld+json\" class=\"yoast-schema-graph\">{\"@context\":\"https:\\\/\\\/schema.org\",\"@graph\":[{\"@type\":\"WebPage\",\"@id\":\"https:\\\/\\\/materiaisdiversos.com\\\/apoiamos\\\/dois-choroes-e-um-dente-de-leao\\\/?lang=en\",\"url\":\"https:\\\/\\\/materiaisdiversos.com\\\/apoiamos\\\/dois-choroes-e-um-dente-de-leao\\\/?lang=en\",\"name\":\"Dois chor\u00f5es e um dente-de-le\u00e3o - Materiais Diversos\",\"isPartOf\":{\"@id\":\"https:\\\/\\\/materiaisdiversos.com\\\/#website\"},\"datePublished\":\"2023-03-02T19:10:27+00:00\",\"dateModified\":\"2024-02-07T21:25:44+00:00\",\"breadcrumb\":{\"@id\":\"https:\\\/\\\/materiaisdiversos.com\\\/apoiamos\\\/dois-choroes-e-um-dente-de-leao\\\/?lang=en#breadcrumb\"},\"inLanguage\":\"en-US\",\"potentialAction\":[{\"@type\":\"ReadAction\",\"target\":[\"https:\\\/\\\/materiaisdiversos.com\\\/apoiamos\\\/dois-choroes-e-um-dente-de-leao\\\/?lang=en\"]}]},{\"@type\":\"BreadcrumbList\",\"@id\":\"https:\\\/\\\/materiaisdiversos.com\\\/apoiamos\\\/dois-choroes-e-um-dente-de-leao\\\/?lang=en#breadcrumb\",\"itemListElement\":[{\"@type\":\"ListItem\",\"position\":1,\"name\":\"In\u00edcio\",\"item\":\"https:\\\/\\\/materiaisdiversos.com\\\/\"},{\"@type\":\"ListItem\",\"position\":2,\"name\":\"Dois chor\u00f5es e um dente-de-le\u00e3o\"}]},{\"@type\":\"WebSite\",\"@id\":\"https:\\\/\\\/materiaisdiversos.com\\\/#website\",\"url\":\"https:\\\/\\\/materiaisdiversos.com\\\/\",\"name\":\"Materiais Diversos\",\"description\":\"\",\"potentialAction\":[{\"@type\":\"SearchAction\",\"target\":{\"@type\":\"EntryPoint\",\"urlTemplate\":\"https:\\\/\\\/materiaisdiversos.com\\\/?s={search_term_string}\"},\"query-input\":{\"@type\":\"PropertyValueSpecification\",\"valueRequired\":true,\"valueName\":\"search_term_string\"}}],\"inLanguage\":\"en-US\"}]}<\/script>\n<!-- \/ Yoast SEO plugin. -->","yoast_head_json":{"title":"Dois chor\u00f5es e um dente-de-le\u00e3o - Materiais Diversos","robots":{"index":"index","follow":"follow","max-snippet":"max-snippet:-1","max-image-preview":"max-image-preview:large","max-video-preview":"max-video-preview:-1"},"canonical":"https:\/\/materiaisdiversos.com\/apoiamos\/dois-choroes-e-um-dente-de-leao\/?lang=en","og_locale":"en_US","og_type":"article","og_title":"Dois chor\u00f5es e um dente-de-le\u00e3o - Materiais Diversos","og_description":"Dois chor\u00f5es e um dente-de-le\u00e3o, Andr\u00e9 Cabral\u2019s first creation, aimed at children and youths, will begin its research process during a residency at Victor C\u00f3rdon Studios (Lisbon) between March 20 and 31. Dois chor\u00f5es e um dente-de-le\u00e3o intends to work on a fable whose starting point are growth pains and that crosses a fantastic and [&hellip;]","og_url":"https:\/\/materiaisdiversos.com\/apoiamos\/dois-choroes-e-um-dente-de-leao\/?lang=en","og_site_name":"Materiais Diversos","article_modified_time":"2024-02-07T21:25:44+00:00","og_image":[{"width":1000,"height":600,"url":"https:\/\/materiaisdiversos.com\/wp-content\/uploads\/materais-diversos-fb.png","type":"image\/png"}],"twitter_card":"summary_large_image","twitter_misc":{"Est. reading time":"1 minute"},"schema":{"@context":"https:\/\/schema.org","@graph":[{"@type":"WebPage","@id":"https:\/\/materiaisdiversos.com\/apoiamos\/dois-choroes-e-um-dente-de-leao\/?lang=en","url":"https:\/\/materiaisdiversos.com\/apoiamos\/dois-choroes-e-um-dente-de-leao\/?lang=en","name":"Dois chor\u00f5es e um dente-de-le\u00e3o - Materiais Diversos","isPartOf":{"@id":"https:\/\/materiaisdiversos.com\/#website"},"datePublished":"2023-03-02T19:10:27+00:00","dateModified":"2024-02-07T21:25:44+00:00","breadcrumb":{"@id":"https:\/\/materiaisdiversos.com\/apoiamos\/dois-choroes-e-um-dente-de-leao\/?lang=en#breadcrumb"},"inLanguage":"en-US","potentialAction":[{"@type":"ReadAction","target":["https:\/\/materiaisdiversos.com\/apoiamos\/dois-choroes-e-um-dente-de-leao\/?lang=en"]}]},{"@type":"BreadcrumbList","@id":"https:\/\/materiaisdiversos.com\/apoiamos\/dois-choroes-e-um-dente-de-leao\/?lang=en#breadcrumb","itemListElement":[{"@type":"ListItem","position":1,"name":"In\u00edcio","item":"https:\/\/materiaisdiversos.com\/"},{"@type":"ListItem","position":2,"name":"Dois chor\u00f5es e um dente-de-le\u00e3o"}]},{"@type":"WebSite","@id":"https:\/\/materiaisdiversos.com\/#website","url":"https:\/\/materiaisdiversos.com\/","name":"Materiais Diversos","description":"","potentialAction":[{"@type":"SearchAction","target":{"@type":"EntryPoint","urlTemplate":"https:\/\/materiaisdiversos.com\/?s={search_term_string}"},"query-input":{"@type":"PropertyValueSpecification","valueRequired":true,"valueName":"search_term_string"}}],"inLanguage":"en-US"}]}},"_links":{"self":[{"href":"https:\/\/materiaisdiversos.com\/en\/wp-json\/wp\/v2\/apoiamos-api\/4789","targetHints":{"allow":["GET"]}}],"collection":[{"href":"https:\/\/materiaisdiversos.com\/en\/wp-json\/wp\/v2\/apoiamos-api"}],"about":[{"href":"https:\/\/materiaisdiversos.com\/en\/wp-json\/wp\/v2\/types\/apoiamos"}],"version-history":[{"count":3,"href":"https:\/\/materiaisdiversos.com\/en\/wp-json\/wp\/v2\/apoiamos-api\/4789\/revisions"}],"predecessor-version":[{"id":5265,"href":"https:\/\/materiaisdiversos.com\/en\/wp-json\/wp\/v2\/apoiamos-api\/4789\/revisions\/5265"}],"wp:attachment":[{"href":"https:\/\/materiaisdiversos.com\/en\/wp-json\/wp\/v2\/media?parent=4789"}],"curies":[{"name":"wp","href":"https:\/\/api.w.org\/{rel}","templated":true}]}}

Dois chorões e um dente-de-leão

<p>Dois chorões e um dente-de-leão, André Cabral’s first creation, aimed at children and youths, will begin its research process during a residency at Victor Córdon Studios (Lisbon) between March 20 and 31. Dois chorões e um dente-de-leão intends to work on a fable whose starting point are growth pains and that crosses a fantastic and living imagery, making use of movement and text to refer to physical and mental growth.</p>

<!-- This site is optimized with the Yoast SEO plugin v27.5 - https://yoast.com/product/yoast-seo-wordpress/ -->
<title>Dois chorões e um dente-de-leão - Materiais Diversos</title>
<meta name="robots" content="index, follow, max-snippet:-1, max-image-preview:large, max-video-preview:-1" />
<link rel="canonical" href="https://materiaisdiversos.com/apoiamos/dois-choroes-e-um-dente-de-leao/?lang=en" />
<meta property="og:locale" content="en_US" />
<meta property="og:type" content="article" />
<meta property="og:title" content="Dois chorões e um dente-de-leão - Materiais Diversos" />
<meta property="og:description" content="Dois chorões e um dente-de-leão, André Cabral’s first creation, aimed at children and youths, will begin its research process during a residency at Victor Córdon Studios (Lisbon) between March 20 and 31. Dois chorões e um dente-de-leão intends to work on a fable whose starting point are growth pains and that crosses a fantastic and [&hellip;]" />
<meta property="og:url" content="https://materiaisdiversos.com/apoiamos/dois-choroes-e-um-dente-de-leao/?lang=en" />
<meta property="og:site_name" content="Materiais Diversos" />
<meta property="article:modified_time" content="2024-02-07T21:25:44+00:00" />
<meta property="og:image" content="https://materiaisdiversos.com/wp-content/uploads/materais-diversos-fb.png" />
	<meta property="og:image:width" content="1000" />
	<meta property="og:image:height" content="600" />
	<meta property="og:image:type" content="image/png" />
<meta name="twitter:card" content="summary_large_image" />
<meta name="twitter:label1" content="Est. reading time" />
	<meta name="twitter:data1" content="1 minute" />
<script type="application/ld+json" class="yoast-schema-graph">{"@context":"https:\/\/schema.org","@graph":[{"@type":"WebPage","@id":"https:\/\/materiaisdiversos.com\/apoiamos\/dois-choroes-e-um-dente-de-leao\/?lang=en","url":"https:\/\/materiaisdiversos.com\/apoiamos\/dois-choroes-e-um-dente-de-leao\/?lang=en","name":"Dois chorões e um dente-de-leão - Materiais Diversos","isPartOf":{"@id":"https:\/\/materiaisdiversos.com\/#website"},"datePublished":"2023-03-02T19:10:27+00:00","dateModified":"2024-02-07T21:25:44+00:00","breadcrumb":{"@id":"https:\/\/materiaisdiversos.com\/apoiamos\/dois-choroes-e-um-dente-de-leao\/?lang=en#breadcrumb"},"inLanguage":"en-US","potentialAction":[{"@type":"ReadAction","target":["https:\/\/materiaisdiversos.com\/apoiamos\/dois-choroes-e-um-dente-de-leao\/?lang=en"]}]},{"@type":"BreadcrumbList","@id":"https:\/\/materiaisdiversos.com\/apoiamos\/dois-choroes-e-um-dente-de-leao\/?lang=en#breadcrumb","itemListElement":[{"@type":"ListItem","position":1,"name":"Início","item":"https:\/\/materiaisdiversos.com\/"},{"@type":"ListItem","position":2,"name":"Dois chorões e um dente-de-leão"}]},{"@type":"WebSite","@id":"https:\/\/materiaisdiversos.com\/#website","url":"https:\/\/materiaisdiversos.com\/","name":"Materiais Diversos","description":"","potentialAction":[{"@type":"SearchAction","target":{"@type":"EntryPoint","urlTemplate":"https:\/\/materiaisdiversos.com\/?s={search_term_string}"},"query-input":{"@type":"PropertyValueSpecification","valueRequired":true,"valueName":"search_term_string"}}],"inLanguage":"en-US"}]}</script>
<!-- / Yoast SEO plugin. -->

Dois chorões e um dente-de-leão - Materiais Diversos

Dois chorões e um dente-de-leão, André Cabral’s first creation, aimed at children and youths, will begin its research process during a residency at Victor Córdon Studios (Lisbon) between March 20 and 31. Dois chorões e um dente-de-leão intends to work on a fable whose starting point are growth pains and that crosses a fantastic and [&hellip;]

Início
